{"id":11592,"date":"2026-02-22T18:23:56","date_gmt":"2026-02-22T18:23:56","guid":{"rendered":"https:\/\/www.scutis.de\/?page_id=11592"},"modified":"2026-04-07T09:42:13","modified_gmt":"2026-04-07T09:42:13","slug":"business-continuity-management-bcm","status":"publish","type":"page","link":"https:\/\/www.scutis.de\/index.php\/business-continuity-management-bcm\/","title":{"rendered":"Business Continuity Management (BCM)"},"content":{"rendered":"\t\t<div data-elementor-type=\"wp-page\" data-elementor-id=\"11592\" class=\"elementor elementor-11592\" data-elementor-post-type=\"page\">\n\t\t\t\t<div class=\"elementor-element elementor-element-5fa1f1cf e-flex e-con-boxed e-con e-parent\" data-id=\"5fa1f1cf\" data-element_type=\"container\" data-e-type=\"container\">\n\t\t\t\t\t<div class=\"e-con-inner\">\n\t\t<div class=\"elementor-element elementor-element-33e340f e-con-full e-flex e-con e-child\" data-id=\"33e340f\" data-element_type=\"container\" data-e-type=\"container\" data-settings=\"{&quot;background_background&quot;:&quot;classic&quot;}\">\n\t\t\t\t<\/div>\n\t\t<div class=\"elementor-element elementor-element-4f39c89d e-con-full e-flex e-con e-child\" data-id=\"4f39c89d\" data-element_type=\"container\" data-e-type=\"container\">\n\t\t<div class=\"elementor-element elementor-element-656e261f e-con-full e-flex e-con e-child\" data-id=\"656e261f\" data-element_type=\"container\" data-e-type=\"container\">\n\t\t\t\t<div class=\"elementor-element elementor-element-71451d62 elementor-widget elementor-widget-text-editor\" data-id=\"71451d62\" data-element_type=\"widget\" data-e-type=\"widget\" data-widget_type=\"text-editor.default\">\n\t\t\t\t<div class=\"elementor-widget-container\">\n\t\t\t\t\t\t\t\t\t<h1><!--block--><strong>Business Continuity Management (BCM)<\/strong><\/h1><h3><!--block-->Damit Ihr Gesch\u00e4ft auch bei St\u00f6rungen weiterl\u00e4uft.<\/h3><p><!--block-->Stellen Sie sich vor, Ihre IT f\u00e4llt aus, ein Brand legt einen Standort lahm oder noch schlimmer, es findet ein Cyberangriff statt \u2013 was passiert dann mit Ihrem Gesch\u00e4ft? Haben Sie einen Plan? Business Continuity Management (BCM) sorgt daf\u00fcr, dass kritische Abl\u00e4ufe auch in solchen Situationen weiterlaufen oder schnell wiederhergestellt werden k\u00f6nnen.<\/p><p><!--block--><br \/>Bei SCUTIS begleiten wir Sie Schritt f\u00fcr Schritt: Wir analysieren gemeinsam, welche Prozesse f\u00fcr Sie wirklich essenziell sind, welche gesetzlichen oder vertraglichen Anforderungen gelten und wie lange ein Ausfall maximal dauern darf, ohne schweren Schaden anzurichten. Darauf aufbauend entwickeln wir klare, praxiserprobte Notfallpl\u00e4ne \u2013 keine theoretischen W\u00e4lzer, sondern handfeste Anleitungen, die im Ernstfall funktionieren.<\/p><p>BCM ist bei uns kein starres Regelwerk, sondern ein lebendiges System: Es w\u00e4chst mit Ihrem Unternehmen, wird regelm\u00e4\u00dfig in \u00dcbungen getestet, durch Schulungen verankert und an neue Risiken angepasst. Dabei orientieren wir uns an etablierten Standards wie ISO 22301 und integrieren BCM nahtlos in Ihre bestehenden Prozesse und IT-Systeme.<\/p><p>So wird Resilienz zur Selbstverst\u00e4ndlichkeit \u2013 und aus Krisen wird Herausforderung statt Katastrophe.\u00a0<\/p>\t\t\t\t\t\t\t\t<\/div>\n\t\t\t\t<\/div>\n\t\t\t\t<\/div>\n\t\t<div class=\"elementor-element elementor-element-663b3b84 e-con-full e-flex e-con e-child\" data-id=\"663b3b84\" data-element_type=\"container\" data-e-type=\"container\">\n\t\t\t\t<div class=\"vamtam-has-theme-widget-styles elementor-element elementor-element-257d8d0a elementor-align-left elementor-widget elementor-widget-button\" data-id=\"257d8d0a\" data-element_type=\"widget\" data-e-type=\"widget\" data-widget_type=\"button.default\">\n\t\t\t\t<div class=\"elementor-widget-container\">\n\t\t\t\t\t\t\t\t\t<div class=\"elementor-button-wrapper\">\n\t\t\t\t\t<a class=\"elementor-button elementor-button-link elementor-size-sm\" href=\"https:\/\/www.scutis.de\/index.php\/kontakt\/\" target=\"_blank\" rel=\"nofollow\">\n\t\t\t\t\t\t<span class=\"elementor-button-content-wrapper\">\n\t\t\t\t\t\t\t\t\t<span class=\"elementor-button-text\">BCM Quick Check beantragen<\/span>\n\t\t\t\t\t<\/span>\n\t\t\t\t\t<\/a>\n\t\t\t\t<\/div>\n\t\t\t\t\t\t\t\t<\/div>\n\t\t\t\t<\/div>\n\t\t\t\t<\/div>\n\t\t\t\t<\/div>\n\t\t\t\t\t<\/div>\n\t\t\t\t<\/div>\n\t\t<div class=\"elementor-element elementor-element-67aceb62 e-flex e-con-boxed e-con e-parent\" data-id=\"67aceb62\" data-element_type=\"container\" data-e-type=\"container\">\n\t\t\t\t\t<div class=\"e-con-inner\">\n\t\t<div class=\"elementor-element elementor-element-71cfd90d e-con-full e-flex e-con e-child\" data-id=\"71cfd90d\" data-element_type=\"container\" data-e-type=\"container\">\n\t\t\t\t<div class=\"elementor-element elementor-element-464697dc elementor-widget elementor-widget-image\" data-id=\"464697dc\" data-element_type=\"widget\" data-e-type=\"widget\" data-widget_type=\"image.default\">\n\t\t\t\t<div class=\"elementor-widget-container\">\n\t\t\t\t\t\t\t\t\t\t\t\t\t\t\t<img decoding=\"async\" src=\"https:\/\/www.scutis.de\/wp-content\/uploads\/2026\/02\/SCUTIS-WEB-68.avif\" class=\"attachment-full size-full wp-image-11667\" alt=\"\" \/>\t\t\t\t\t\t\t\t\t\t\t\t\t\t\t<\/div>\n\t\t\t\t<\/div>\n\t\t\t\t<\/div>\n\t\t<div class=\"elementor-element elementor-element-e1b9ec1 e-con-full e-flex e-con e-child\" data-id=\"e1b9ec1\" data-element_type=\"container\" data-e-type=\"container\">\n\t\t\t\t<div class=\"elementor-element elementor-element-6d9362a5 elementor-widget elementor-widget-image\" data-id=\"6d9362a5\" data-element_type=\"widget\" data-e-type=\"widget\" data-widget_type=\"image.default\">\n\t\t\t\t<div class=\"elementor-widget-container\">\n\t\t\t\t\t\t\t\t\t\t\t\t\t\t\t<img decoding=\"async\" src=\"https:\/\/www.scutis.de\/wp-content\/uploads\/2026\/02\/SCUTIS-WEB-69.avif\" class=\"attachment-full size-full wp-image-11668\" alt=\"\" \/>\t\t\t\t\t\t\t\t\t\t\t\t\t\t\t<\/div>\n\t\t\t\t<\/div>\n\t\t\t\t<\/div>\n\t\t<div class=\"elementor-element elementor-element-39e7ba9d e-con-full e-flex e-con e-child\" data-id=\"39e7ba9d\" data-element_type=\"container\" data-e-type=\"container\">\n\t\t\t\t<div class=\"elementor-element elementor-element-5b2f3c57 elementor-widget elementor-widget-text-editor\" data-id=\"5b2f3c57\" data-element_type=\"widget\" data-e-type=\"widget\" data-widget_type=\"text-editor.default\">\n\t\t\t\t<div class=\"elementor-widget-container\">\n\t\t\t\t\t\t\t\t\t<h3><!--block--><strong>Der Startschuss: <\/strong>Business Impact Analyse (BIA)<\/h3><p><!--block-->Bevor wir an L\u00f6sungen denken, kl\u00e4ren wir gemeinsam, was wirklich kritisch ist. In der Business Impact Analyse ermitteln wir, welche Gesch\u00e4ftsprozesse bei einem Ausfall am st\u00e4rksten ins Gewicht fallen \u2013 und wie schnell sie wiederhergestellt werden m\u00fcssen, um Kunden, Umsatz und Reputation zu sch\u00fctzen. Dabei ber\u00fccksichtigen wir gesetzliche und vertragliche Pflichten, identifizieren die daf\u00fcr ben\u00f6tigten Ressourcen wie Mitarbeiter, IT-Systeme oder R\u00e4ume und analysieren, wie stark Ihre Prozesse voneinander abh\u00e4ngen. So entsteht ein klares Bild davon, wo Ihr Unternehmen besonders verletzlich ist \u2013 und was zuerst gesch\u00fctzt werden muss.<\/p><h3><!--block--><strong>Der Notfallplan:<\/strong> Disaster Recovery Plan (DRP)<\/h3><p><!--block-->\u00a0Auf Basis der BIA entwickeln wir Ihren individuellen Notfallplan \u2013 eine pr\u00e4zise, handlungsorientierte Anleitung f\u00fcr den Ernstfall. Der DRP legt fest, wer welche Aufgaben \u00fcbernimmt, welche Vorgaben beachtet werden m\u00fcssen und wie der Wiederanlauf kritischer Prozesse Schritt f\u00fcr Schritt erfolgt. Gleichzeitig definieren wir, wie der Fortschritt \u00fcberwacht und an wen welche Informationen zu welchem Zeitpunkt weitergeleitet werden. So stellen wir sicher, dass Ihr Team im Krisenfall nicht improvisieren muss, sondern souver\u00e4n und zielgerichtet handelt.<\/p>\t\t\t\t\t\t\t\t<\/div>\n\t\t\t\t<\/div>\n\t\t\t\t<\/div>\n\t\t<div class=\"elementor-element elementor-element-73911e98 e-con-full e-flex e-con e-child\" data-id=\"73911e98\" data-element_type=\"container\" data-e-type=\"container\">\n\t\t\t\t<div class=\"elementor-element elementor-element-42f7fd95 elementor-widget elementor-widget-text-editor\" data-id=\"42f7fd95\" data-element_type=\"widget\" data-e-type=\"widget\" data-widget_type=\"text-editor.default\">\n\t\t\t\t<div class=\"elementor-widget-container\">\n\t\t\t\t\t\t\t\t\t<h3><!--block--><strong>Das BCM-System: <\/strong>Lebendig, nicht abgeschlossen<\/h3><p><!--block-->Business Continuity Management ist kein einmaliges Projekt, sondern ein kontinuierlicher Prozess. Wir bauen mit Ihnen ein lebendiges BCM-System auf, das sich dynamisch an Ver\u00e4nderungen in Ihrem Unternehmen und seiner Umwelt anpasst. Dazu geh\u00f6ren klare Notfallverfahren, realistische Szenarioanalysen \u2013 etwa zu Cyberangriffen, Naturereignissen oder Lieferausf\u00e4llen \u2013 sowie ein laufendes Monitoring Ihrer Risikolage und Schutzma\u00dfnahmen. Nur so bleibt Ihre Resilienz dauerhaft wirksam.\u00a0<\/p><h3><!--block--><strong>Die Integration: <\/strong>Daten, Formulare, Systeme<\/h3><p><!--block-->Damit BCM im Alltag nutzbar bleibt, integrieren wir es nahtlos in Ihre bestehenden Strukturen. Statt isolierter Dokumente nutzen wir Ihre vorhandenen IT-Systeme \u2013 etwa aus Planung, Risikomanagement oder Vertragsverwaltung \u2013 und erg\u00e4nzen sie durch klare, einfach zu bedienende Formulare. So flie\u00dfen relevante Daten automatisch in das BCM ein, und alle Beteiligten finden schnell die Informationen, die sie im Notfall brauchen.\u00a0<\/p><h3><!--block--><strong>Lfd. Verbesserung: <\/strong>Gepr\u00fcft, ge\u00fcbt, optimiert<\/h3><p><!--block-->Ein BCM-System zeigt erst im Ernstfall, ob es funktioniert \u2013 deshalb testen wir es regelm\u00e4\u00dfig. Durch realit\u00e4tsnahe \u00dcbungen, gezielte Schulungen und interne Audits pr\u00fcfen wir, ob Pl\u00e4ne noch aktuell sind, Prozesse greifen und Mitarbeiter handlungsf\u00e4hig bleiben. Unsere Arbeit orientiert sich dabei an international anerkannten Standards wie ISO 22301 f\u00fcr Business Continuity, ISO 22361 f\u00fcr Krisenmanagement sowie ISO 27001, BSI-Grundschutz, COSO und COBIT \u2013 f\u00fcr eine ganzheitliche, zukunftssichere Resilienz.\u00a0<\/p><p><!--block-->\u00a0<\/p>\t\t\t\t\t\t\t\t<\/div>\n\t\t\t\t<\/div>\n\t\t\t\t<\/div>\n\t\t<div class=\"elementor-element elementor-element-f2380eb e-con-full e-flex e-con e-child\" data-id=\"f2380eb\" data-element_type=\"container\" data-e-type=\"container\">\n\t\t<div class=\"elementor-element elementor-element-b867e35 e-grid e-con-full e-con e-child\" data-id=\"b867e35\" data-element_type=\"container\" data-e-type=\"container\">\n\t\t\t\t<div class=\"vamtam-has-theme-widget-styles elementor-element elementor-element-ad70a79 elementor-align-left elementor-widget elementor-widget-button\" data-id=\"ad70a79\" data-element_type=\"widget\" data-e-type=\"widget\" data-widget_type=\"button.default\">\n\t\t\t\t<div class=\"elementor-widget-container\">\n\t\t\t\t\t\t\t\t\t<div class=\"elementor-button-wrapper\">\n\t\t\t\t\t<a class=\"elementor-button elementor-button-link elementor-size-sm\" href=\"https:\/\/www.scutis.de\/index.php\/kontakt\/\" target=\"_blank\" rel=\"nofollow\">\n\t\t\t\t\t\t<span class=\"elementor-button-content-wrapper\">\n\t\t\t\t\t\t\t\t\t<span class=\"elementor-button-text\">Mehr erfahren<\/span>\n\t\t\t\t\t<\/span>\n\t\t\t\t\t<\/a>\n\t\t\t\t<\/div>\n\t\t\t\t\t\t\t\t<\/div>\n\t\t\t\t<\/div>\n\t\t<div class=\"elementor-element elementor-element-d0fcf67 e-grid e-con-full e-con e-child\" data-id=\"d0fcf67\" data-element_type=\"container\" data-e-type=\"container\">\n\t\t\t\t<div class=\"vamtam-has-theme-widget-styles elementor-element elementor-element-3e3010c elementor-align-left elementor-widget elementor-widget-button\" data-id=\"3e3010c\" data-element_type=\"widget\" data-e-type=\"widget\" data-widget_type=\"button.default\">\n\t\t\t\t<div class=\"elementor-widget-container\">\n\t\t\t\t\t\t\t\t\t<div class=\"elementor-button-wrapper\">\n\t\t\t\t\t<a class=\"elementor-button elementor-button-link elementor-size-sm\" href=\"https:\/\/www.scutis.de\/index.php\/kontakt\/\" target=\"_blank\" rel=\"nofollow\">\n\t\t\t\t\t\t<span class=\"elementor-button-content-wrapper\">\n\t\t\t\t\t\t\t\t\t<span class=\"elementor-button-text\">Mehr erfahren<\/span>\n\t\t\t\t\t<\/span>\n\t\t\t\t\t<\/a>\n\t\t\t\t<\/div>\n\t\t\t\t\t\t\t\t<\/div>\n\t\t\t\t<\/div>\n\t\t\t\t<\/div>\n\t\t\t\t<\/div>\n\t\t\t\t<\/div>\n\t\t\t\t\t<\/div>\n\t\t\t\t<\/div>\n\t\t<div class=\"elementor-element elementor-element-23b7449b e-grid e-con-boxed e-con e-parent\" data-id=\"23b7449b\" data-element_type=\"container\" data-e-type=\"container\" data-settings=\"{&quot;background_background&quot;:&quot;classic&quot;}\">\n\t\t\t\t\t<div class=\"e-con-inner\">\n\t\t\t\t<div class=\"elementor-element elementor-element-5a06fb26 elementor-widget elementor-widget-text-editor\" data-id=\"5a06fb26\" data-element_type=\"widget\" data-e-type=\"widget\" data-widget_type=\"text-editor.default\">\n\t\t\t\t<div class=\"elementor-widget-container\">\n\t\t\t\t\t\t\t\t\t<p><!--block--><span style=\"color: #000000;\">Lassen Sie uns miteinander sprechen<\/span><\/p><h5><span style=\"color: #000000;\"><!--block-->Wir m\u00f6chten Ihnen unseren Service in einem kurzen Videocall gerne einmal vorstellen. Vereinbaren Sie doch einfach mit wenigen Klicks einen f\u00fcr Sie passenden Termin. Wir freuen uns auf das Gespr\u00e4ch mit Ihnen.<\/span><\/h5>\t\t\t\t\t\t\t\t<\/div>\n\t\t\t\t<\/div>\n\t\t\t\t<div class=\"vamtam-has-theme-widget-styles elementor-element elementor-element-4055475f elementor-align-center elementor-widget elementor-widget-button\" data-id=\"4055475f\" data-element_type=\"widget\" data-e-type=\"widget\" data-widget_type=\"button.default\">\n\t\t\t\t<div class=\"elementor-widget-container\">\n\t\t\t\t\t\t\t\t\t<div class=\"elementor-button-wrapper\">\n\t\t\t\t\t<a class=\"elementor-button elementor-button-link elementor-size-sm\" href=\"https:\/\/www.scutis.de\/index.php\/kontakt\/\" target=\"_blank\" rel=\"nofollow\">\n\t\t\t\t\t\t<span class=\"elementor-button-content-wrapper\">\n\t\t\t\t\t\t\t\t\t<span class=\"elementor-button-text\">Erstgespr\u00e4ch vereinbaren<\/span>\n\t\t\t\t\t<\/span>\n\t\t\t\t\t<\/a>\n\t\t\t\t<\/div>\n\t\t\t\t\t\t\t\t<\/div>\n\t\t\t\t<\/div>\n\t\t\t\t\t<\/div>\n\t\t\t\t<\/div>\n\t\t<div class=\"elementor-element elementor-element-4ec7fecb e-grid e-con-full e-con e-child\" data-id=\"4ec7fecb\" data-element_type=\"container\" data-e-type=\"container\" data-settings=\"{&quot;background_background&quot;:&quot;gradient&quot;}\">\n\t\t\t\t<div class=\"elementor-element elementor-element-6ce2db64 elementor-widget elementor-widget-text-editor\" data-id=\"6ce2db64\" data-element_type=\"widget\" data-e-type=\"widget\" data-widget_type=\"text-editor.default\">\n\t\t\t\t<div class=\"elementor-widget-container\">\n\t\t\t\t\t\t\t\t\t<h2 class=\"text-align-center\" style=\"text-align: center;\"><!--block--><span style=\"color: #ffffff;\">Wir freuen uns auf gute Zusammenarbeit<\/span><\/h2><h6 class=\"text-align-center\"><span style=\"color: #ffffff;\"><!--block-->Melden Sie sich bei uns und wir finden gemeinsam heraus, wie wir Sie gezielt nach ihren Bed\u00fcrfnissen unterst\u00fctzen k\u00f6nnen.<\/span><\/h6>\t\t\t\t\t\t\t\t<\/div>\n\t\t\t\t<\/div>\n\t\t\t\t<div class=\"vamtam-has-theme-widget-styles elementor-element elementor-element-5f280ca9 elementor-align-center elementor-widget elementor-widget-button\" data-id=\"5f280ca9\" data-element_type=\"widget\" data-e-type=\"widget\" data-widget_type=\"button.default\">\n\t\t\t\t<div class=\"elementor-widget-container\">\n\t\t\t\t\t\t\t\t\t<div class=\"elementor-button-wrapper\">\n\t\t\t\t\t<a class=\"elementor-button elementor-button-link elementor-size-sm\" href=\"https:\/\/www.scutis.de\/index.php\/kontakt\/\" target=\"_blank\" rel=\"nofollow\">\n\t\t\t\t\t\t<span class=\"elementor-button-content-wrapper\">\n\t\t\t\t\t\t\t\t\t<span class=\"elementor-button-text\">Kontaktieren Sie uns<\/span>\n\t\t\t\t\t<\/span>\n\t\t\t\t\t<\/a>\n\t\t\t\t<\/div>\n\t\t\t\t\t\t\t\t<\/div>\n\t\t\t\t<\/div>\n\t\t\t\t<\/div>\n\t\t<div class=\"elementor-element elementor-element-43d4558 e-flex e-con-boxed e-con e-parent\" data-id=\"43d4558\" data-element_type=\"container\" data-e-type=\"container\">\n\t\t\t\t\t<div class=\"e-con-inner\">\n\t\t\t\t\t<\/div>\n\t\t\t\t<\/div>\n\t\t\t\t<\/div>\n\t\t","protected":false},"excerpt":{"rendered":"<p>Business Continuity Management (BCM) Damit Ihr Gesch\u00e4ft auch bei St\u00f6rungen weiterl\u00e4uft. Stellen Sie sich vor, Ihre IT f\u00e4llt aus, ein Brand legt einen Standort lahm oder noch schlimmer, es findet ein Cyberangriff statt \u2013 was passiert dann mit Ihrem Gesch\u00e4ft? Haben Sie einen Plan? Business Continuity Management (BCM) sorgt daf\u00fcr, dass kritische Abl\u00e4ufe auch in&#8230;<\/p>\n","protected":false},"author":1,"featured_media":0,"parent":0,"menu_order":0,"comment_status":"closed","ping_status":"closed","template":"","meta":{"footnotes":""},"class_list":["post-11592","page","type-page","status-publish","hentry"],"_links":{"self":[{"href":"https:\/\/www.scutis.de\/index.php\/wp-json\/wp\/v2\/pages\/11592","targetHints":{"allow":["GET"]}}],"collection":[{"href":"https:\/\/www.scutis.de\/index.php\/wp-json\/wp\/v2\/pages"}],"about":[{"href":"https:\/\/www.scutis.de\/index.php\/wp-json\/wp\/v2\/types\/page"}],"author":[{"embeddable":true,"href":"https:\/\/www.scutis.de\/index.php\/wp-json\/wp\/v2\/users\/1"}],"replies":[{"embeddable":true,"href":"https:\/\/www.scutis.de\/index.php\/wp-json\/wp\/v2\/comments?post=11592"}],"version-history":[{"count":40,"href":"https:\/\/www.scutis.de\/index.php\/wp-json\/wp\/v2\/pages\/11592\/revisions"}],"predecessor-version":[{"id":14613,"href":"https:\/\/www.scutis.de\/index.php\/wp-json\/wp\/v2\/pages\/11592\/revisions\/14613"}],"wp:attachment":[{"href":"https:\/\/www.scutis.de\/index.php\/wp-json\/wp\/v2\/media?parent=11592"}],"curies":[{"name":"wp","href":"https:\/\/api.w.org\/{rel}","templated":true}]}}