{"id":11586,"date":"2026-02-22T18:23:28","date_gmt":"2026-02-22T18:23:28","guid":{"rendered":"https:\/\/www.scutis.de\/?page_id=11586"},"modified":"2026-02-28T15:44:41","modified_gmt":"2026-02-28T15:44:41","slug":"verfahrensdokumentation-gobd","status":"publish","type":"page","link":"https:\/\/www.scutis.de\/index.php\/verfahrensdokumentation-gobd\/","title":{"rendered":"Verfahrensdokumentation (GoBD)"},"content":{"rendered":"\t\t<div data-elementor-type=\"wp-page\" data-elementor-id=\"11586\" class=\"elementor elementor-11586\" data-elementor-post-type=\"page\">\n\t\t\t\t<div class=\"elementor-element elementor-element-4a0056b0 e-flex e-con-boxed e-con e-parent\" data-id=\"4a0056b0\" data-element_type=\"container\" data-e-type=\"container\">\n\t\t\t\t\t<div class=\"e-con-inner\">\n\t\t<div class=\"elementor-element elementor-element-1bd7bca0 e-con-full e-flex e-con e-child\" data-id=\"1bd7bca0\" data-element_type=\"container\" data-e-type=\"container\" data-settings=\"{&quot;background_background&quot;:&quot;classic&quot;}\">\n\t\t\t\t<\/div>\n\t\t<div class=\"elementor-element elementor-element-141707fb e-con-full e-flex e-con e-child\" data-id=\"141707fb\" data-element_type=\"container\" data-e-type=\"container\">\n\t\t<div class=\"elementor-element elementor-element-423a8183 e-con-full e-flex e-con e-child\" data-id=\"423a8183\" data-element_type=\"container\" data-e-type=\"container\">\n\t\t\t\t<div class=\"elementor-element elementor-element-59d666c1 elementor-widget elementor-widget-text-editor\" data-id=\"59d666c1\" data-element_type=\"widget\" data-e-type=\"widget\" data-widget_type=\"text-editor.default\">\n\t\t\t\t<div class=\"elementor-widget-container\">\n\t\t\t\t\t\t\t\t\t<h1><!--block--><strong>Verfahrensdokumentation<\/strong><strong> gem. GoBD<\/strong><\/h1><h2><!--block-->Welche Folgen hat eine fehlende Verfahrensdokumentation?<\/h2><p><!--block-->Die Frage, ob eine Verfahrensdokumentation erforderlich ist, h\u00e4ngt von der Komplexit\u00e4t der Prozesse ab.\u00a0<\/p><p>Die &#8222;Grunds\u00e4tze zur ordnungsm\u00e4\u00dfigen F\u00fchrung und Aufbewahrung von B\u00fcchern, Aufzeichnungen und Unterlagen in elektronischer Form sowie zum Datenzugriff&#8220; (GoBD) beantworten diese Frage folgenderma\u00dfen:<\/p><p><!--block--><strong>&#8222;Solange das Fehlen oder die Unvollst\u00e4ndigkeit der Verfahrensdokumentation die Nachvollziehbarkeit und \u00dcberpr\u00fcfbarkeit nicht beeintr\u00e4chtigt, liegt kein formeller Mangel vor, der dazu f\u00fchren kann, die Buchf\u00fchrung abzulehnen.&#8220;<\/strong><\/p><p><!--block--><br \/>Wenn die Prozesse also einfach genug sind, um ohne Dokumentation nachvollziehbar und \u00fcberpr\u00fcfbar zu sein, hat das Fehlen keine direkten Folgen. Bei komplexen Prozessen kann das Fehlen der Dokumentation jedoch dazu f\u00fchren, dass die Buchf\u00fchrung abgelehnt wird, insbesondere wenn weitere Fehler in der Buchf\u00fchrung vorliegen.\u00a0<br \/>Die Konsequenzen liegen im Ermessen des Betriebspr\u00fcfers. Eine aussagekr\u00e4ftige Verfahrensdokumentation kann jedoch dazu beitragen, Strafen zu vermeiden oder zu mildern, wenn Fehler in der Buchf\u00fchrung gefunden werden.<\/p><h3><!--block-->Wir helfen Ihnen die Verfahrensdokumentation aufzubauen<\/h3><p><!--block-->Im Rahmen unserer Dienstleistungen f\u00fchren wir mit dem Unternehmen online eine formularbasierende Bestandsaufnahme durch, bei der alle relevanten Informationen und IT-Systeme identifiziert und erfasst werden, die f\u00fcr die Erstellung einer Verfahrensdokumentation erforderlich sind. Diese Bestandsaufnahme erm\u00f6glicht es, einen umfassenden \u00dcberblick \u00fcber die internen Prozesse und Systeme eines Unternehmens zu erhalten und sicherzustellen, dass alle wichtigen Informationen f\u00fcr die Dokumentation erfasst werden.<\/p><p>Die erfassten Daten flie\u00dfen direkt in die Verfahrensdokumentation ein und sind damit sofort Bestandteil der Verfahrensdokumentation, die den Anforderungen der GoBD entspricht. <strong>Die generelle Frage ist \u2013 in welchen GoBD Dokumentation Status befinden Sie sich momentan?<\/strong> Wir finden es f\u00fcr Sie heraus durch einen kurzen GoBD-Quickcheck.\u00a0<\/p>\t\t\t\t\t\t\t\t<\/div>\n\t\t\t\t<\/div>\n\t\t\t\t<\/div>\n\t\t<div class=\"elementor-element elementor-element-f1b03a7 e-con-full e-flex e-con e-child\" data-id=\"f1b03a7\" data-element_type=\"container\" data-e-type=\"container\">\n\t\t\t\t<div class=\"vamtam-has-theme-widget-styles elementor-element elementor-element-720d248 elementor-align-left elementor-widget elementor-widget-button\" data-id=\"720d248\" data-element_type=\"widget\" data-e-type=\"widget\" data-widget_type=\"button.default\">\n\t\t\t\t<div class=\"elementor-widget-container\">\n\t\t\t\t\t\t\t\t\t<div class=\"elementor-button-wrapper\">\n\t\t\t\t\t<a class=\"elementor-button elementor-button-link elementor-size-sm\" href=\"https:\/\/www.scutis.de\/index.php\/kontakt\/\" target=\"_blank\" rel=\"nofollow\">\n\t\t\t\t\t\t<span class=\"elementor-button-content-wrapper\">\n\t\t\t\t\t\t\t\t\t<span class=\"elementor-button-text\">GoBD-Quickcheck<\/span>\n\t\t\t\t\t<\/span>\n\t\t\t\t\t<\/a>\n\t\t\t\t<\/div>\n\t\t\t\t\t\t\t\t<\/div>\n\t\t\t\t<\/div>\n\t\t\t\t<\/div>\n\t\t\t\t<\/div>\n\t\t\t\t\t<\/div>\n\t\t\t\t<\/div>\n\t\t<div class=\"elementor-element elementor-element-7f9f8991 e-flex e-con-boxed e-con e-parent\" data-id=\"7f9f8991\" data-element_type=\"container\" data-e-type=\"container\">\n\t\t\t\t\t<div class=\"e-con-inner\">\n\t\t<div class=\"elementor-element elementor-element-7dbc749f e-con-full e-flex e-con e-child\" data-id=\"7dbc749f\" data-element_type=\"container\" data-e-type=\"container\">\n\t\t\t\t<div class=\"elementor-element elementor-element-14c23108 elementor-widget elementor-widget-image\" data-id=\"14c23108\" data-element_type=\"widget\" data-e-type=\"widget\" data-widget_type=\"image.default\">\n\t\t\t\t<div class=\"elementor-widget-container\">\n\t\t\t\t\t\t\t\t\t\t\t\t\t\t\t<img fetchpriority=\"high\" decoding=\"async\" width=\"800\" height=\"532\" src=\"https:\/\/www.scutis.de\/wp-content\/uploads\/2026\/02\/SCUTIS-WEB-64.avif\" class=\"attachment-large size-large wp-image-11645\" alt=\"\" \/>\t\t\t\t\t\t\t\t\t\t\t\t\t\t\t<\/div>\n\t\t\t\t<\/div>\n\t\t\t\t<\/div>\n\t\t<div class=\"elementor-element elementor-element-3a169c1f e-con-full e-flex e-con e-child\" data-id=\"3a169c1f\" data-element_type=\"container\" data-e-type=\"container\">\n\t\t\t\t<div class=\"elementor-element elementor-element-3f09f50e elementor-widget elementor-widget-image\" data-id=\"3f09f50e\" data-element_type=\"widget\" data-e-type=\"widget\" data-widget_type=\"image.default\">\n\t\t\t\t<div class=\"elementor-widget-container\">\n\t\t\t\t\t\t\t\t\t\t\t\t\t\t\t<img decoding=\"async\" width=\"1\" height=\"1\" src=\"https:\/\/www.scutis.de\/wp-content\/uploads\/2026\/02\/SCUTIS-WEB-11-2.avif\" class=\"attachment-large size-large wp-image-11550\" alt=\"\" \/>\t\t\t\t\t\t\t\t\t\t\t\t\t\t\t<\/div>\n\t\t\t\t<\/div>\n\t\t\t\t<\/div>\n\t\t<div class=\"elementor-element elementor-element-79bb2165 e-con-full e-flex e-con e-child\" data-id=\"79bb2165\" data-element_type=\"container\" data-e-type=\"container\">\n\t\t\t\t<div class=\"elementor-element elementor-element-64e99128 elementor-widget elementor-widget-text-editor\" data-id=\"64e99128\" data-element_type=\"widget\" data-e-type=\"widget\" data-widget_type=\"text-editor.default\">\n\t\t\t\t<div class=\"elementor-widget-container\">\n\t\t\t\t\t\t\t\t\t<h2 class=\"qwen-markdown-heading\"><span class=\"qwen-markdown-text\" data-spm-anchor-id=\"a2ty_o01.29997173.0.i0.737b5171dGI6dQ\">Was bedeutet es, wenn keine Verfahrensdokumentation vorliegt?<\/span><\/h2><div class=\"qwen-markdown-paragraph\"><span class=\"qwen-markdown-text\">Ob eine Verfahrensdokumentation zwingend ben\u00f6tigt wird, richtet sich nach der Komplexit\u00e4t Ihrer Gesch\u00e4ftsabl\u00e4ufe.<\/span><\/div><div class=\"qwen-markdown-space\">\u00a0<\/div><div class=\"qwen-markdown-paragraph\"><span class=\"qwen-markdown-text\">Die GoBD (\u201eGrunds\u00e4tze zur ordnungsm\u00e4\u00dfigen F\u00fchrung und Aufbewahrung von B\u00fcchern, Aufzeichnungen und Unterlagen in elektronischer Form sowie zum Datenzugriff&#8220;) stellen hierzu klar:<\/span><\/div><div class=\"qwen-markdown-space\">\u00a0<\/div><blockquote class=\"qwen-markdown-blockquote\"><div class=\"qwen-markdown-paragraph\"><em><span class=\"qwen-markdown-text\">\u201eSolange das Fehlen oder die Unvollst\u00e4ndigkeit der Verfahrensdokumentation die Nachvollziehbarkeit und \u00dcberpr\u00fcfbarkeit nicht beeintr\u00e4chtigt, liegt kein formeller Mangel vor, der dazu f\u00fchren kann, die Buchf\u00fchrung abzulehnen.&#8220;<\/span><\/em><\/div><\/blockquote><div class=\"qwen-markdown-space\">\u00a0<\/div><div class=\"qwen-markdown-paragraph\"><strong class=\"qwen-markdown-strong\"><span class=\"qwen-markdown-text\">Das hei\u00dft konkret:<\/span><\/strong><br \/><span class=\"qwen-markdown-text\">Sind Ihre Prozesse \u00fcberschaubar und auch ohne schriftliche Fixierung jederzeit nachvollziehbar, entstehen durch das Fehlen einer Dokumentation zun\u00e4chst keine unmittelbaren Nachteile. Bei komplexeren Abl\u00e4ufen hingegen kann das Fehlen einer Verfahrensdokumentation dazu f\u00fchren, dass die Buchf\u00fchrung beanstandet oder sogar verworfen wird \u2013 insbesondere, wenn zus\u00e4tzlich weitere M\u00e4ngel vorliegen.<\/span><\/div><div class=\"qwen-markdown-space\">\u00a0<\/div><div class=\"qwen-markdown-paragraph\"><span class=\"qwen-markdown-text\">Die Bewertung obliegt dabei dem Ermessen des Betriebspr\u00fcfers. Eine fundierte und aktuelle Verfahrensdokumentation kann jedoch dabei helfen, Sanktionen zu vermeiden oder im Pr\u00fcfungsfall abzumildern.<\/span><\/div><div class=\"qwen-markdown-space\">\u00a0<\/div><div class=\"qwen-markdown-hr\"><hr \/><\/div><div class=\"qwen-markdown-space\">\u00a0<\/div><h2 class=\"qwen-markdown-heading\"><span class=\"qwen-markdown-text\">Unser Angebot: Ihre GoBD-konforme Verfahrensdokumentation \u2013 einfach und sicher<\/span><\/h2><div class=\"qwen-markdown-paragraph\"><span class=\"qwen-markdown-text\">Gemeinsam mit Ihnen erstellen wir im Rahmen unserer Beratung eine strukturierte, online gest\u00fctzte Bestandsaufnahme. Mithilfe eines formularbasierten Prozesses erfassen wir s\u00e4mtliche relevante Informationen sowie die eingesetzten IT-Systeme, die f\u00fcr eine rechtskonforme Verfahrensdokumentation erforderlich sind.<\/span><\/div><div class=\"qwen-markdown-space\">\u00a0<\/div><div class=\"qwen-markdown-paragraph\"><strong class=\"qwen-markdown-strong\"><span class=\"qwen-markdown-text\">Ihre Vorteile auf einen Blick:<\/span><\/strong><\/div><ul class=\"qwen-markdown-list\" dir=\"auto\"><li><span class=\"qwen-markdown-text\">Schneller, digitaler Erfassungsprozess<\/span><\/li><li><span class=\"qwen-markdown-text\">Vollst\u00e4ndiger \u00dcberblick \u00fcber Ihre internen Abl\u00e4ufe und Systemlandschaft<\/span><\/li><li><span class=\"qwen-markdown-text\">Direkte \u00dcberf\u00fchrung der erfassten Daten in eine GoBD-konforme Dokumentation<\/span><\/li><li><span class=\"qwen-markdown-text\">Rechtssicherheit durch pr\u00fcfungsfeste Unterlagen<\/span><\/li><\/ul><div class=\"qwen-markdown-space\">\u00a0<\/div><div class=\"qwen-markdown-hr\"><hr \/><\/div><div class=\"qwen-markdown-space\">\u00a0<\/div><h2 class=\"qwen-markdown-heading\"><span class=\"qwen-markdown-text\">Wo stehen Sie aktuell?<\/span><\/h2><div class=\"qwen-markdown-paragraph\" data-spm-anchor-id=\"a2ty_o01.29997173.0.i1.737b5171dGI6dQ\"><span class=\"qwen-markdown-text\">M\u00f6chten Sie wissen, in welchem GoBD-Dokumentationsstand sich Ihr Unternehmen befindet? Mit unserem kurzen <\/span><strong class=\"qwen-markdown-strong\"><span class=\"qwen-markdown-text\">GoBD-Quickcheck<\/span><\/strong><span class=\"qwen-markdown-text\"> finden wir es gemeinsam heraus \u2013 unverbindlich und zeitsparend.<\/span><\/div><div data-spm-anchor-id=\"a2ty_o01.29997173.0.i1.737b5171dGI6dQ\">\u00a0<\/div>\t\t\t\t\t\t\t\t<\/div>\n\t\t\t\t<\/div>\n\t\t\t\t<\/div>\n\t\t<div class=\"elementor-element elementor-element-22023a68 e-con-full e-flex e-con e-child\" data-id=\"22023a68\" data-element_type=\"container\" data-e-type=\"container\">\n\t\t\t\t<div class=\"elementor-element elementor-element-54419102 elementor-widget elementor-widget-text-editor\" data-id=\"54419102\" data-element_type=\"widget\" data-e-type=\"widget\" data-widget_type=\"text-editor.default\">\n\t\t\t\t<div class=\"elementor-widget-container\">\n\t\t\t\t\t\t\t\t\t<h2><!--block-->Unternehmensweite Verfahrensdokumentation gem. GoBD f\u00fcr eine sachgerechte Compliance Dokumentation<\/h2><p><!--block-->Mit der cloudbasierte Dokumentationsl\u00f6sung f\u00fcr eine Verfahrensdokumentation gem. GoBD auf Basis der <a href=\"https:\/\/www.vadok.de\"><strong>VaDok<\/strong><strong>\u00ae<\/strong><strong> Informationsplattform<\/strong><\/a>\u00a0 wird Ihre Verfahrensdokumentation gesetzeskonform und rechtssicher erstellt und gepflegt.\u00a0<\/p><p><!--block-->\u00a0Hierzu verwenden wir bereits aufbereitete Vorlagen. In VaDok\u00ae werden die vorhandenen Prozesse bzw. Verfahren im Sinne der GoBD dokumentiert und bei Bedarf mit zus\u00e4tzlichen Dokumenten erkl\u00e4rt, so dass ein fachlich versierter Dritter (Betriebspr\u00fcfer oder Wirtschaftspr\u00fcfer) das Verfahren auch verstehen kann.<\/p><p><!--block--><br \/>Zus\u00e4tzlich kann man eine Verfahrensbeschreibung auch als Verarbeitung im Sinne der DS-GVO dem Datenschutz zuordnen oder f\u00fcr das Qualit\u00e4tsmanagement erweitern und damit die Beschreibung eines Verfahrens f\u00fcr mehrere Dokumentationsbereiche nutzen.\u00a0<\/p><p><!--block--><br \/>Sie ist ein Grundelement eines unternehmensweiten Compliance Management Systems und unabdingbar bei der \u00dcberwachung der Angemessenheit und Wirksamkeit. Dar\u00fcber hinaus dient Sie als sehr effektives organisationsweites Kommunikationsmedium bei der Bekanntmachung und Verbreitung der getroffenen Ma\u00dfnahmen f\u00fcr alle Mitarbeiter.\u00a0<\/p><p>Bei der Vielzahl an gesetzlichen Auflagen ist es heutzutage empfehlenswert, einen unternehmensweiten, ganzheitlichen Compliance Ansatz zu etablieren.<br \/>Au\u00dferdem ist die Dokumentation erforderlich f\u00fcr jede Art von Pr\u00fcfungen, die durch externe und interne Pr\u00fcfer durchgef\u00fchrt werden k\u00f6nnen. Sie wird u.a. durch Beh\u00f6rden, Gesellschafter und Aktion\u00e4re, Kontrollgremien, Gesch\u00e4ftsleitung, Finanzinstitute und Auftraggeber gefordert.\u00a0<\/p>\t\t\t\t\t\t\t\t<\/div>\n\t\t\t\t<\/div>\n\t\t\t\t<\/div>\n\t\t\t\t\t<\/div>\n\t\t\t\t<\/div>\n\t\t<div class=\"elementor-element elementor-element-b47d672 e-grid e-con-boxed e-con e-parent\" data-id=\"b47d672\" data-element_type=\"container\" data-e-type=\"container\" data-settings=\"{&quot;background_background&quot;:&quot;classic&quot;}\">\n\t\t\t\t\t<div class=\"e-con-inner\">\n\t\t\t\t<div class=\"elementor-element elementor-element-90345ee elementor-widget elementor-widget-text-editor\" data-id=\"90345ee\" data-element_type=\"widget\" data-e-type=\"widget\" data-widget_type=\"text-editor.default\">\n\t\t\t\t<div class=\"elementor-widget-container\">\n\t\t\t\t\t\t\t\t\t<p><!--block--><span style=\"color: #000000;\">Lassen Sie uns miteinander sprechen<\/span><\/p><h5><span style=\"color: #000000;\"><!--block-->Wir m\u00f6chten Ihnen unseren Service in einem kurzen Videocall gerne einmal vorstellen. Vereinbaren Sie doch einfach mit wenigen Klicks einen f\u00fcr Sie passenden Termin. Wir freuen uns auf das Gespr\u00e4ch mit Ihnen.<\/span><\/h5>\t\t\t\t\t\t\t\t<\/div>\n\t\t\t\t<\/div>\n\t\t\t\t<div class=\"vamtam-has-theme-widget-styles elementor-element elementor-element-695102ea elementor-align-center elementor-widget elementor-widget-button\" data-id=\"695102ea\" data-element_type=\"widget\" data-e-type=\"widget\" data-widget_type=\"button.default\">\n\t\t\t\t<div class=\"elementor-widget-container\">\n\t\t\t\t\t\t\t\t\t<div class=\"elementor-button-wrapper\">\n\t\t\t\t\t<a class=\"elementor-button elementor-button-link elementor-size-sm\" href=\"https:\/\/www.scutis.de\/index.php\/kontakt\/\" target=\"_blank\" rel=\"nofollow\">\n\t\t\t\t\t\t<span class=\"elementor-button-content-wrapper\">\n\t\t\t\t\t\t\t\t\t<span class=\"elementor-button-text\">Erstgespr\u00e4ch vereinbaren<\/span>\n\t\t\t\t\t<\/span>\n\t\t\t\t\t<\/a>\n\t\t\t\t<\/div>\n\t\t\t\t\t\t\t\t<\/div>\n\t\t\t\t<\/div>\n\t\t\t\t\t<\/div>\n\t\t\t\t<\/div>\n\t\t<div class=\"elementor-element elementor-element-dd16bb6 e-grid e-con-full e-con e-child\" data-id=\"dd16bb6\" data-element_type=\"container\" data-e-type=\"container\" data-settings=\"{&quot;background_background&quot;:&quot;gradient&quot;}\">\n\t\t\t\t<div class=\"elementor-element elementor-element-1a30b788 elementor-widget elementor-widget-text-editor\" data-id=\"1a30b788\" data-element_type=\"widget\" data-e-type=\"widget\" data-widget_type=\"text-editor.default\">\n\t\t\t\t<div class=\"elementor-widget-container\">\n\t\t\t\t\t\t\t\t\t<h2 class=\"text-align-center\" style=\"text-align: center;\"><!--block--><span style=\"color: #ffffff;\">Wir freuen uns auf gute Zusammenarbeit<\/span><\/h2><h6 class=\"text-align-center\"><span style=\"color: #ffffff;\"><!--block-->Melden Sie sich bei uns und wir finden gemeinsam heraus, wie wir Sie gezielt nach ihren Bed\u00fcrfnissen unterst\u00fctzen k\u00f6nnen.<\/span><\/h6>\t\t\t\t\t\t\t\t<\/div>\n\t\t\t\t<\/div>\n\t\t\t\t<div class=\"vamtam-has-theme-widget-styles elementor-element elementor-element-28ac52cf elementor-align-center elementor-widget elementor-widget-button\" data-id=\"28ac52cf\" data-element_type=\"widget\" data-e-type=\"widget\" data-widget_type=\"button.default\">\n\t\t\t\t<div class=\"elementor-widget-container\">\n\t\t\t\t\t\t\t\t\t<div class=\"elementor-button-wrapper\">\n\t\t\t\t\t<a class=\"elementor-button elementor-button-link elementor-size-sm\" href=\"https:\/\/www.scutis.de\/index.php\/kontakt\/\" target=\"_blank\" rel=\"nofollow\">\n\t\t\t\t\t\t<span class=\"elementor-button-content-wrapper\">\n\t\t\t\t\t\t\t\t\t<span class=\"elementor-button-text\">Kontaktieren Sie uns<\/span>\n\t\t\t\t\t<\/span>\n\t\t\t\t\t<\/a>\n\t\t\t\t<\/div>\n\t\t\t\t\t\t\t\t<\/div>\n\t\t\t\t<\/div>\n\t\t\t\t<\/div>\n\t\t\t\t<\/div>\n\t\t","protected":false},"excerpt":{"rendered":"<p>Verfahrensdokumentation gem. GoBD Welche Folgen hat eine fehlende Verfahrensdokumentation? Die Frage, ob eine Verfahrensdokumentation erforderlich ist, h\u00e4ngt von der Komplexit\u00e4t der Prozesse ab.\u00a0 Die &#8222;Grunds\u00e4tze zur ordnungsm\u00e4\u00dfigen F\u00fchrung und Aufbewahrung von B\u00fcchern, Aufzeichnungen und Unterlagen in elektronischer Form sowie zum Datenzugriff&#8220; (GoBD) beantworten diese Frage folgenderma\u00dfen: &#8222;Solange das Fehlen oder die Unvollst\u00e4ndigkeit der Verfahrensdokumentation die&#8230;<\/p>\n","protected":false},"author":1,"featured_media":0,"parent":0,"menu_order":0,"comment_status":"closed","ping_status":"closed","template":"","meta":{"footnotes":""},"class_list":["post-11586","page","type-page","status-publish","hentry"],"_links":{"self":[{"href":"https:\/\/www.scutis.de\/index.php\/wp-json\/wp\/v2\/pages\/11586","targetHints":{"allow":["GET"]}}],"collection":[{"href":"https:\/\/www.scutis.de\/index.php\/wp-json\/wp\/v2\/pages"}],"about":[{"href":"https:\/\/www.scutis.de\/index.php\/wp-json\/wp\/v2\/types\/page"}],"author":[{"embeddable":true,"href":"https:\/\/www.scutis.de\/index.php\/wp-json\/wp\/v2\/users\/1"}],"replies":[{"embeddable":true,"href":"https:\/\/www.scutis.de\/index.php\/wp-json\/wp\/v2\/comments?post=11586"}],"version-history":[{"count":25,"href":"https:\/\/www.scutis.de\/index.php\/wp-json\/wp\/v2\/pages\/11586\/revisions"}],"predecessor-version":[{"id":14350,"href":"https:\/\/www.scutis.de\/index.php\/wp-json\/wp\/v2\/pages\/11586\/revisions\/14350"}],"wp:attachment":[{"href":"https:\/\/www.scutis.de\/index.php\/wp-json\/wp\/v2\/media?parent=11586"}],"curies":[{"name":"wp","href":"https:\/\/api.w.org\/{rel}","templated":true}]}}