{"id":11438,"date":"2026-02-20T18:19:06","date_gmt":"2026-02-20T18:19:06","guid":{"rendered":"https:\/\/www.scutis.de\/?page_id=11438"},"modified":"2026-02-25T17:19:15","modified_gmt":"2026-02-25T17:19:15","slug":"externer-isb","status":"publish","type":"page","link":"https:\/\/www.scutis.de\/index.php\/externer-isb\/","title":{"rendered":"externer ISB"},"content":{"rendered":"\t\t<div data-elementor-type=\"wp-page\" data-elementor-id=\"11438\" class=\"elementor elementor-11438\" data-elementor-post-type=\"page\">\n\t\t\t\t<div class=\"elementor-element elementor-element-bbf56fe e-flex e-con-boxed e-con e-parent\" data-id=\"bbf56fe\" data-element_type=\"container\" data-e-type=\"container\">\n\t\t\t\t\t<div class=\"e-con-inner\">\n\t\t<div class=\"elementor-element elementor-element-e04315e e-flex e-con-boxed e-con e-child\" data-id=\"e04315e\" data-element_type=\"container\" data-e-type=\"container\" data-settings=\"{&quot;background_background&quot;:&quot;classic&quot;}\">\n\t\t\t\t\t<div class=\"e-con-inner\">\n\t\t\t\t<div class=\"elementor-element elementor-element-35543483 elementor-widget__width-inherit elementor-widget elementor-widget-heading\" data-id=\"35543483\" data-element_type=\"widget\" data-e-type=\"widget\" data-widget_type=\"heading.default\">\n\t\t\t\t<div class=\"elementor-widget-container\">\n\t\t\t\t\t<h2 class=\"elementor-heading-title elementor-size-default\">Informationssicherheit (InfoSec)<\/h2>\t\t\t\t<\/div>\n\t\t\t\t<\/div>\n\t\t\t\t\t<\/div>\n\t\t\t\t<\/div>\n\t\t<div class=\"elementor-element elementor-element-bfdbccd e-flex e-con-boxed e-con e-child\" data-id=\"bfdbccd\" data-element_type=\"container\" data-e-type=\"container\" data-settings=\"{&quot;background_background&quot;:&quot;classic&quot;}\">\n\t\t\t\t\t<div class=\"e-con-inner\">\n\t\t\t\t<div class=\"elementor-element elementor-element-fc27616 elementor-widget__width-inherit elementor-widget elementor-widget-text-editor\" data-id=\"fc27616\" data-element_type=\"widget\" data-e-type=\"widget\" data-widget_type=\"text-editor.default\">\n\t\t\t\t<div class=\"elementor-widget-container\">\n\t\t\t\t\t\t\t\t\t<h3 style=\"text-align: center;\"><span style=\"color: #000000;\">externer Informationssicherheitsbeauftragter (eISB)<\/span><\/h3><p>Einer unserer unabh\u00e4ngigen Experten, wird vom Unternehmen als eISB benannt und beauftragt die Informationssicherheit zu \u00fcberwachen und zu verbessern. Dies geschieht entweder, weil das Unternehmen nicht \u00fcber die internen Ressourcen f\u00fcr einen ISB verf\u00fcgt oder eine unabh\u00e4ngige \u00dcberwachung bevorzugt. Die Aufgaben eines externen ISB \u00e4hneln denen eines internen ISB, jedoch ist er nicht direkt ins Unternehmen eingebunden. Zus\u00e4tzlich kann ein externer ISB als Berater fungieren, um Sicherheitsrichtlinien und -verfahren zu entwickeln. Unsere Expertise bietet umfassende Kenntnisse in Informationssicherheit und IT sowie Erfahrung in der Zusammenarbeit mit verschiedenen Unternehmen und Organisationen.<\/p>\t\t\t\t\t\t\t\t<\/div>\n\t\t\t\t<\/div>\n\t\t\t\t\t<\/div>\n\t\t\t\t<\/div>\n\t\t<div class=\"elementor-element elementor-element-cb0bb58 e-flex e-con-boxed e-con e-child\" data-id=\"cb0bb58\" data-element_type=\"container\" data-e-type=\"container\">\n\t\t\t\t\t<div class=\"e-con-inner\">\n\t\t\t\t<div class=\"vamtam-has-theme-widget-styles elementor-element elementor-element-48bd344 elementor-button-info elementor-align-center elementor-widget elementor-widget-button\" data-id=\"48bd344\" data-element_type=\"widget\" data-e-type=\"widget\" data-widget_type=\"button.default\">\n\t\t\t\t<div class=\"elementor-widget-container\">\n\t\t\t\t\t\t\t\t\t<div class=\"elementor-button-wrapper\">\n\t\t\t\t\t<a class=\"elementor-button elementor-button-link elementor-size-sm\" href=\"https:\/\/www.scutis.de\/index.php\/informationssicherheit-infosec\/\">\n\t\t\t\t\t\t<span class=\"elementor-button-content-wrapper\">\n\t\t\t\t\t\t\t\t\t<span class=\"elementor-button-text\">Mehr erfahren<\/span>\n\t\t\t\t\t<\/span>\n\t\t\t\t\t<\/a>\n\t\t\t\t<\/div>\n\t\t\t\t\t\t\t\t<\/div>\n\t\t\t\t<\/div>\n\t\t\t\t\t<\/div>\n\t\t\t\t<\/div>\n\t\t\t\t\t<\/div>\n\t\t\t\t<\/div>\n\t\t\t\t<\/div>\n\t\t","protected":false},"excerpt":{"rendered":"<p>Informationssicherheit (InfoSec) externer Informationssicherheitsbeauftragter (eISB) Einer unserer unabh\u00e4ngigen Experten, wird vom Unternehmen als eISB benannt und beauftragt die Informationssicherheit zu \u00fcberwachen und zu verbessern. Dies geschieht entweder, weil das Unternehmen nicht \u00fcber die internen Ressourcen f\u00fcr einen ISB verf\u00fcgt oder eine unabh\u00e4ngige \u00dcberwachung bevorzugt. Die Aufgaben eines externen ISB \u00e4hneln denen eines internen ISB, jedoch&#8230;<\/p>\n","protected":false},"author":1,"featured_media":0,"parent":0,"menu_order":0,"comment_status":"closed","ping_status":"closed","template":"","meta":{"footnotes":""},"class_list":["post-11438","page","type-page","status-publish","hentry"],"_links":{"self":[{"href":"https:\/\/www.scutis.de\/index.php\/wp-json\/wp\/v2\/pages\/11438","targetHints":{"allow":["GET"]}}],"collection":[{"href":"https:\/\/www.scutis.de\/index.php\/wp-json\/wp\/v2\/pages"}],"about":[{"href":"https:\/\/www.scutis.de\/index.php\/wp-json\/wp\/v2\/types\/page"}],"author":[{"embeddable":true,"href":"https:\/\/www.scutis.de\/index.php\/wp-json\/wp\/v2\/users\/1"}],"replies":[{"embeddable":true,"href":"https:\/\/www.scutis.de\/index.php\/wp-json\/wp\/v2\/comments?post=11438"}],"version-history":[{"count":118,"href":"https:\/\/www.scutis.de\/index.php\/wp-json\/wp\/v2\/pages\/11438\/revisions"}],"predecessor-version":[{"id":13454,"href":"https:\/\/www.scutis.de\/index.php\/wp-json\/wp\/v2\/pages\/11438\/revisions\/13454"}],"wp:attachment":[{"href":"https:\/\/www.scutis.de\/index.php\/wp-json\/wp\/v2\/media?parent=11438"}],"curies":[{"name":"wp","href":"https:\/\/api.w.org\/{rel}","templated":true}]}}